{"id":375,"date":"2020-12-20T15:41:14","date_gmt":"2020-12-20T15:41:14","guid":{"rendered":"https:\/\/export.themeruby.com\/tf01\/tech\/?page_id=342"},"modified":"2023-07-11T00:41:57","modified_gmt":"2023-07-11T00:41:57","slug":"inicio","status":"publish","type":"page","link":"https:\/\/gesanpro.com\/","title":{"rendered":""},"content":{"rendered":"\t\t<div data-elementor-type=\"wp-page\" data-elementor-id=\"375\" class=\"elementor elementor-375\" data-elementor-post-type=\"page\">\n\t\t\t\t\t\t<header class=\"elementor-section elementor-top-section elementor-element elementor-element-0ae5dc4 elementor-section-boxed elementor-section-height-default elementor-section-height-default\" data-id=\"0ae5dc4\" data-element_type=\"section\" data-e-type=\"section\">\n\t\t\t\t\t\t<div class=\"elementor-container elementor-column-gap-default\">\n\t\t\t\t\t<div class=\"elementor-column elementor-col-100 elementor-top-column elementor-element elementor-element-11a6360\" data-id=\"11a6360\" data-element_type=\"column\" data-e-type=\"column\" data-settings=\"{&quot;background_background&quot;:&quot;classic&quot;}\">\n\t\t\t<div class=\"elementor-widget-wrap elementor-element-populated\">\n\t\t\t\t\t\t<div class=\"elementor-element elementor-element-519b21b elementor-widget elementor-widget-sina_banner_slider\" data-id=\"519b21b\" data-element_type=\"widget\" data-e-type=\"widget\" data-widget_type=\"sina_banner_slider.default\">\n\t\t\t\t<div class=\"elementor-widget-container\">\n\t\t\t\t\t\t\t<div class=\"sina-banner-slider owl-carousel\"\r\n\t\tdata-autoplay=\"yes\"\r\n\t\tdata-pause=\"yes\"\r\n\t\tdata-nav=\"yes\"\r\n\t\tdata-dots=\"yes\"\r\n\t\tdata-mouse-drag=\"yes\"\r\n\t\tdata-touch-drag=\"yes\"\r\n\t\tdata-loop=\"yes\"\r\n\t\tdata-speed=\"\"\r\n\t\tdata-part-anim=\"yes\"\r\n\t\tdata-delay=\"5000\">\r\n\r\n\t\t\t\t\t\t\t<div class=\"sina-slider-content sina-bg-cover\" style=\"background-image: url(https:\/\/gesanpro.com\/wp-content\/uploads\/2023\/07\/slider001.jpg);\">\r\n\t\t\t\t\t\t\t\t\t\t\t<div class=\"sina-overlay\"><\/div>\r\n\t\t\t\t\t\r\n\t\t\t\t\t<div class=\"sina-banner-container elementor-repeater-item-776d384\">\r\n\r\n\t\t\t\t\t\t\r\n\t\t\t\t\t\t\r\n\t\t\t\t\t\t\r\n\t\t\t\t\t\t\t\t\t\t\t<\/div>\r\n\t\t\t\t<\/div>\r\n\t\t\t\t\t\t\t<div class=\"sina-slider-content sina-bg-cover\" style=\"background-image: url(https:\/\/gesanpro.com\/wp-content\/uploads\/2023\/07\/slider003.jpg);\">\r\n\t\t\t\t\t\t\t\t\t\t\t<div class=\"sina-overlay\"><\/div>\r\n\t\t\t\t\t\r\n\t\t\t\t\t<div class=\"sina-banner-container elementor-repeater-item-1e359b2\">\r\n\r\n\t\t\t\t\t\t\r\n\t\t\t\t\t\t\r\n\t\t\t\t\t\t\r\n\t\t\t\t\t\t\t\t\t\t\t<\/div>\r\n\t\t\t\t<\/div>\r\n\t\t\t\t\t\t\t<div class=\"sina-slider-content sina-bg-cover\" style=\"background-image: url(https:\/\/gesanpro.com\/wp-content\/uploads\/2023\/07\/slider000.jpg);\">\r\n\t\t\t\t\t\t\t\t\t\t\t<div class=\"sina-overlay\"><\/div>\r\n\t\t\t\t\t\r\n\t\t\t\t\t<div class=\"sina-banner-container elementor-repeater-item-9ea6a83\">\r\n\r\n\t\t\t\t\t\t\r\n\t\t\t\t\t\t\r\n\t\t\t\t\t\t\r\n\t\t\t\t\t\t\t\t\t\t\t<\/div>\r\n\t\t\t\t<\/div>\r\n\t\t\t\t\t<\/div><!-- .sina-banner-slider -->\r\n\t\t\t\t\t\t<\/div>\n\t\t\t\t<\/div>\n\t\t\t\t\t<\/div>\n\t\t<\/div>\n\t\t\t\t\t<\/div>\n\t\t<\/header>\n\t\t\t\t<section class=\"elementor-section elementor-top-section elementor-element elementor-element-3de87daf elementor-section-content-middle elementor-section-boxed elementor-section-height-default elementor-section-height-default\" data-id=\"3de87daf\" data-element_type=\"section\" data-e-type=\"section\">\n\t\t\t\t\t\t<div class=\"elementor-container elementor-column-gap-no\">\n\t\t\t\t\t<div class=\"elementor-column elementor-col-50 elementor-top-column elementor-element elementor-element-3dc37c7a\" data-id=\"3dc37c7a\" data-element_type=\"column\" data-e-type=\"column\">\n\t\t\t<div class=\"elementor-widget-wrap elementor-element-populated\">\n\t\t\t\t\t\t<div class=\"elementor-element elementor-element-6ae27df1 elementor-widget elementor-widget-heading\" data-id=\"6ae27df1\" data-element_type=\"widget\" data-e-type=\"widget\" data-widget_type=\"heading.default\">\n\t\t\t\t<div class=\"elementor-widget-container\">\n\t\t\t\t\t<h4 class=\"elementor-heading-title elementor-size-default\">Bienvenido a <\/h4>\t\t\t\t<\/div>\n\t\t\t\t<\/div>\n\t\t\t\t<div class=\"elementor-element elementor-element-3503694e elementor-widget elementor-widget-text-editor\" data-id=\"3503694e\" data-element_type=\"widget\" data-e-type=\"widget\" data-widget_type=\"text-editor.default\">\n\t\t\t\t<div class=\"elementor-widget-container\">\n\t\t\t\t\t\t\t\t\t<p>Somos una instituci\u00f3n que brindar\u00e1 informaci\u00f3n para la configuraci\u00f3n, programaci\u00f3n y planificaci\u00f3n de proyectos utilizando el software Ms Project.<\/p>\t\t\t\t\t\t\t\t<\/div>\n\t\t\t\t<\/div>\n\t\t\t\t\t<\/div>\n\t\t<\/div>\n\t\t\t\t<div class=\"elementor-column elementor-col-50 elementor-top-column elementor-element elementor-element-2d3ad56\" data-id=\"2d3ad56\" data-element_type=\"column\" data-e-type=\"column\">\n\t\t\t<div class=\"elementor-widget-wrap elementor-element-populated\">\n\t\t\t\t\t\t<div class=\"elementor-element elementor-element-61210131 elementor-widget elementor-widget-image\" data-id=\"61210131\" data-element_type=\"widget\" data-e-type=\"widget\" data-widget_type=\"image.default\">\n\t\t\t\t<div class=\"elementor-widget-container\">\n\t\t\t\t\t\t\t\t\t\t\t\t\t\t\t<img decoding=\"async\" width=\"355\" height=\"95\" src=\"https:\/\/gesanpro.com\/wp-content\/uploads\/2023\/05\/Logo_web_1.png\" class=\"attachment-full size-full wp-image-483\" alt=\"\" srcset=\"https:\/\/gesanpro.com\/wp-content\/uploads\/2023\/05\/Logo_web_1.png 355w, https:\/\/gesanpro.com\/wp-content\/uploads\/2023\/05\/Logo_web_1-300x80.png 300w\" sizes=\"(max-width: 355px) 100vw, 355px\" \/>\t\t\t\t\t\t\t\t\t\t\t\t\t\t\t<\/div>\n\t\t\t\t<\/div>\n\t\t\t\t\t<\/div>\n\t\t<\/div>\n\t\t\t\t\t<\/div>\n\t\t<\/section>\n\t\t\t\t<section class=\"elementor-section elementor-top-section elementor-element elementor-element-8767850 elementor-section-boxed elementor-section-height-default elementor-section-height-default\" data-id=\"8767850\" data-element_type=\"section\" data-e-type=\"section\">\n\t\t\t\t\t\t<div class=\"elementor-container elementor-column-gap-default\">\n\t\t\t\t\t<div class=\"elementor-column elementor-col-100 elementor-top-column elementor-element elementor-element-c940bd0\" data-id=\"c940bd0\" data-element_type=\"column\" data-e-type=\"column\">\n\t\t\t<div class=\"elementor-widget-wrap elementor-element-populated\">\n\t\t\t\t\t\t<div class=\"elementor-element elementor-element-6ec32d5 elementor-position-left elementor-vertical-align-middle elementor-widget elementor-widget-image-box\" data-id=\"6ec32d5\" data-element_type=\"widget\" data-e-type=\"widget\" data-widget_type=\"image-box.default\">\n\t\t\t\t<div class=\"elementor-widget-container\">\n\t\t\t\t\t<div class=\"elementor-image-box-wrapper\"><figure class=\"elementor-image-box-img\"><img fetchpriority=\"high\" decoding=\"async\" width=\"1080\" height=\"799\" src=\"https:\/\/gesanpro.com\/wp-content\/uploads\/2023\/06\/webinar.jpg\" class=\"attachment-full size-full wp-image-580\" alt=\"\" srcset=\"https:\/\/gesanpro.com\/wp-content\/uploads\/2023\/06\/webinar.jpg 1080w, https:\/\/gesanpro.com\/wp-content\/uploads\/2023\/06\/webinar-300x222.jpg 300w, https:\/\/gesanpro.com\/wp-content\/uploads\/2023\/06\/webinar-1024x758.jpg 1024w, https:\/\/gesanpro.com\/wp-content\/uploads\/2023\/06\/webinar-768x568.jpg 768w, https:\/\/gesanpro.com\/wp-content\/uploads\/2023\/06\/webinar-450x333.jpg 450w, https:\/\/gesanpro.com\/wp-content\/uploads\/2023\/06\/webinar-780x577.jpg 780w\" sizes=\"(max-width: 1080px) 100vw, 1080px\" \/><\/figure><div class=\"elementor-image-box-content\"><h3 class=\"elementor-image-box-title\">Ing. Jim Manrique Rebaza, Mg, MCP, SMPC\u00ae, SPOPC\u2122, CIP<\/h3><p class=\"elementor-image-box-description\">Les saluda Jim Manrique, profesional especialista en Gesti\u00f3n y Control de proyectos, espero que mis publicaciones puedan contribuir en su crecimiento profesional.<\/p><\/div><\/div>\t\t\t\t<\/div>\n\t\t\t\t<\/div>\n\t\t\t\t<div class=\"elementor-element elementor-element-a9d2694 elementor-share-buttons--align-center elementor-share-buttons--color-custom elementor-share-buttons--view-icon-text elementor-share-buttons--skin-gradient elementor-share-buttons--shape-square elementor-grid-0 elementor-widget elementor-widget-share-buttons\" data-id=\"a9d2694\" data-element_type=\"widget\" data-e-type=\"widget\" data-widget_type=\"share-buttons.default\">\n\t\t\t\t<div class=\"elementor-widget-container\">\n\t\t\t\t\t\t\t<div class=\"elementor-grid\">\n\t\t\t\t\t\t\t\t<div class=\"elementor-grid-item\">\n\t\t\t\t\t\t<div\n\t\t\t\t\t\t\tclass=\"elementor-share-btn elementor-share-btn_email\"\n\t\t\t\t\t\t\trole=\"button\"\n\t\t\t\t\t\t\ttabindex=\"0\"\n\t\t\t\t\t\t\taria-label=\"Share on email\"\n\t\t\t\t\t\t>\n\t\t\t\t\t\t\t\t\t\t\t\t\t\t\t<span class=\"elementor-share-btn__icon\">\n\t\t\t\t\t\t\t\t<i class=\"fas fa-envelope\" aria-hidden=\"true\"><\/i>\t\t\t\t\t\t\t<\/span>\n\t\t\t\t\t\t\t\t\t\t\t\t\t\t\t\t\t\t\t\t\t\t<div class=\"elementor-share-btn__text\">\n\t\t\t\t\t\t\t\t\t\t\t\t\t\t\t\t\t\t\t<span class=\"elementor-share-btn__title\">\n\t\t\t\t\t\t\t\t\t\tCont\u00e1ctanos: jim.manrique@gesanpro.com\t\t\t\t\t\t\t\t\t<\/span>\n\t\t\t\t\t\t\t\t\t\t\t\t\t\t\t\t\t<\/div>\n\t\t\t\t\t\t\t\t\t\t\t\t\t<\/div>\n\t\t\t\t\t<\/div>\n\t\t\t\t\t\t<\/div>\n\t\t\t\t\t\t<\/div>\n\t\t\t\t<\/div>\n\t\t\t\t\t<\/div>\n\t\t<\/div>\n\t\t\t\t\t<\/div>\n\t\t<\/section>\n\t\t\t\t<section class=\"elementor-section elementor-top-section elementor-element elementor-element-c2fb7ad elementor-section-boxed elementor-section-height-default elementor-section-height-default\" data-id=\"c2fb7ad\" data-element_type=\"section\" data-e-type=\"section\" data-settings=\"{&quot;background_background&quot;:&quot;classic&quot;}\">\n\t\t\t\t\t\t<div class=\"elementor-container elementor-column-gap-no\">\n\t\t\t\t\t<div class=\"elementor-column elementor-col-100 elementor-top-column elementor-element elementor-element-1d7466d\" data-id=\"1d7466d\" data-element_type=\"column\" data-e-type=\"column\">\n\t\t\t<div class=\"elementor-widget-wrap elementor-element-populated\">\n\t\t\t\t\t\t<div class=\"elementor-element elementor-element-19ccd9f elementor-widget elementor-widget-fw-grid-1\" data-id=\"19ccd9f\" data-element_type=\"widget\" data-e-type=\"widget\" data-widget_type=\"fw-grid-1.default\">\n\t\t\t\t<div class=\"elementor-widget-container\">\n\t\t\t\t\t\t\t<div id=\"uid_19ccd9f\" class=\"block-wrap fw-block fw-grid-1\" >\r\n\t\t\t<header class=\"block-header\">\r\n\t\t\t\t\t\t\t<h2 class=\"block-title h3\">LOS M\u00c1S VISTOS<\/h2>\r\n\t\t\t\t\t\t\t\t<\/header>\r\n\t\t\t<div class=\"content-wrap\"><div class=\"content-inner rb-row rb-n20-gutter\">\r\n\t<div class=\"rb-p20-gutter rb-col-m12 rb-col-t4\">\t\t<div class=\"p-wrap p-grid p-grid-1 post-852 no-avatar\">\r\n\t\t\t\t\t\t\t<div class=\"p-feat-holder\">\r\n\t\t\t\t\t<div class=\"p-feat\">\r\n\t\t\t\t\t\t        <a class=\"p-flink\" href=\"https:\/\/gesanpro.com\/index.php\/2023\/09\/30\/crear-proyecto-1\/\" title=\"Crear proyecto 01\">\r\n            <span class=\"rb-iwrap\"><img decoding=\"async\" width=\"60\" height=\"90\" src=\"https:\/\/gesanpro.com\/wp-content\/uploads\/2023\/09\/Logo_web_5.png\" class=\"attachment-pixwell_370x250 size-pixwell_370x250 wp-post-image\" alt=\"\" \/><\/span>\r\n        <\/a>\r\n\t\t        <aside class=\"p-cat-info is-absolute\">\r\n\t\t\t\t\t\t\t\t\t\t\t\t\t        <\/aside>\r\n\t\t\t\t\t\t\t<\/div>\r\n\t\t\t\t\t\t\t\t\t<\/div>\r\n\t\t\t\t\t\t<div class=\"p-header\"><h3 class=\"entry-title\">        <a class=\"p-url\" href=\"https:\/\/gesanpro.com\/index.php\/2023\/09\/30\/crear-proyecto-1\/\" rel=\"bookmark\"\r\n           title=\"Crear proyecto 01\">Crear proyecto 01<\/a>\r\n\t\t<span class=\"read-it-later bookmark-item\"  data-title=\"Read it Later\" data-bookmarkid=\"852\"><i class=\"rbi rbi-bookmark\"><\/i><\/span>\r\n\t<\/h3><\/div>\r\n\t\t\t                <p class=\"entry-summary\">Resumen                        <span class=\"summary-dot\">...<\/span><\/p>\r\n\t\t\t\t\t\t<div class=\"p-footer\">\r\n\t\t\t\t<aside class=\"p-meta-info\">        <span class=\"meta-info-el meta-info-author\">\r\n\t\t\t<span class=\"screen-reader-text\">Posted by<\/span>\r\n\t\t\t                    <em class=\"meta-label\">by <\/em>\r\n\t\t\t\t\r\n\r\n                <a href=\"https:\/\/gesanpro.com\/index.php\/author\/jim-manrique\/\">Jim Jim Manrique Rebaza<\/a>\r\n\t\t\t\t\t<\/span>\r\n\t\t<span class=\"meta-info-el mobile-bookmark\"><span class=\"read-it-later bookmark-item\"  data-title=\"Read it Later\" data-bookmarkid=\"852\"><i class=\"rbi rbi-bookmark\"><\/i><\/span>\r\n\t<\/span><\/aside>        <a class=\"btn p-link\"\r\n           href=\"https:\/\/gesanpro.com\/index.php\/2023\/09\/30\/crear-proyecto-1\/\"><span>LEER M\u00c1S<\/span><i\r\n                    class=\"rbi rbi-arrow-right\"><\/i><\/a>\r\n\t\t\t\t\t<\/div>\r\n\t\t<\/div>\r\n\t<\/div><div class=\"rb-p20-gutter rb-col-m12 rb-col-t4\">\t\t<div class=\"p-wrap p-grid p-grid-1 post-531 no-avatar\">\r\n\t\t\t\t\t\t\t<div class=\"p-feat-holder\">\r\n\t\t\t\t\t<div class=\"p-feat\">\r\n\t\t\t\t\t\t        <a class=\"p-flink\" href=\"https:\/\/gesanpro.com\/index.php\/2023\/06\/10\/planeamiento-en-ms-project\/\" title=\"PLANEAMIENTO EN MS PROJECT\">\r\n            <span class=\"rb-iwrap\"><img loading=\"lazy\" decoding=\"async\" width=\"370\" height=\"250\" src=\"https:\/\/gesanpro.com\/wp-content\/uploads\/2023\/06\/plan-img2-370x250.png\" class=\"attachment-pixwell_370x250 size-pixwell_370x250 wp-post-image\" alt=\"\" \/><\/span>\r\n        <\/a>\r\n\t\t        <aside class=\"p-cat-info is-absolute\">\r\n\t\t\t\t\t\t\t<a class=\"cat-info-el cat-info-id-5\" href=\"https:\/\/gesanpro.com\/index.php\/category\/planeamiento-en-ms-project\/\" rel=\"category\">Planeamiento en MS Project<\/a>\t\t\t\t\t\t        <\/aside>\r\n\t\t\t\t\t\t\t<\/div>\r\n\t\t\t\t\t\t\t\t\t<\/div>\r\n\t\t\t\t\t\t<div class=\"p-header\"><h3 class=\"entry-title\">        <a class=\"p-url\" href=\"https:\/\/gesanpro.com\/index.php\/2023\/06\/10\/planeamiento-en-ms-project\/\" rel=\"bookmark\"\r\n           title=\"PLANEAMIENTO EN MS PROJECT\">PLANEAMIENTO EN MS PROJECT<\/a>\r\n\t\t<span class=\"read-it-later bookmark-item\"  data-title=\"Read it Later\" data-bookmarkid=\"531\"><i class=\"rbi rbi-bookmark\"><\/i><\/span>\r\n\t<\/h3><\/div>\r\n\t\t\t                <p class=\"entry-summary\">En un cronograma siempre se debe plasmar una l\u00ednea base, y                        <span class=\"summary-dot\">...<\/span><\/p>\r\n\t\t\t\t\t\t<div class=\"p-footer\">\r\n\t\t\t\t<aside class=\"p-meta-info\">        <span class=\"meta-info-el meta-info-author\">\r\n\t\t\t<span class=\"screen-reader-text\">Posted by<\/span>\r\n\t\t\t                    <em class=\"meta-label\">by <\/em>\r\n\t\t\t\t\r\n\r\n                <a href=\"https:\/\/gesanpro.com\/index.php\/author\/admin\/\">admin<\/a>\r\n\t\t\t\t\t<\/span>\r\n\t\t<span class=\"meta-info-el mobile-bookmark\"><span class=\"read-it-later bookmark-item\"  data-title=\"Read it Later\" data-bookmarkid=\"531\"><i class=\"rbi rbi-bookmark\"><\/i><\/span>\r\n\t<\/span><\/aside>        <a class=\"btn p-link\"\r\n           href=\"https:\/\/gesanpro.com\/index.php\/2023\/06\/10\/planeamiento-en-ms-project\/\"><span>LEER M\u00c1S<\/span><i\r\n                    class=\"rbi rbi-arrow-right\"><\/i><\/a>\r\n\t\t\t\t\t<\/div>\r\n\t\t<\/div>\r\n\t<\/div><div class=\"rb-p20-gutter rb-col-m12 rb-col-t4\">\t\t<div class=\"p-wrap p-grid p-grid-1 post-514 no-avatar\">\r\n\t\t\t\t\t\t\t<div class=\"p-feat-holder\">\r\n\t\t\t\t\t<div class=\"p-feat\">\r\n\t\t\t\t\t\t        <a class=\"p-flink\" href=\"https:\/\/gesanpro.com\/index.php\/2023\/06\/01\/programacion-en-ms-project\/\" title=\"CONFIGURACI\u00d3N INICIAL EN MS PROJECT\">\r\n            <span class=\"rb-iwrap\"><img loading=\"lazy\" decoding=\"async\" width=\"370\" height=\"240\" src=\"https:\/\/gesanpro.com\/wp-content\/uploads\/2023\/06\/Programacion01-370x240.png\" class=\"attachment-pixwell_370x250 size-pixwell_370x250 wp-post-image\" alt=\"\" \/><\/span>\r\n        <\/a>\r\n\t\t        <aside class=\"p-cat-info is-absolute\">\r\n\t\t\t\t\t\t\t\t\t\t\t\t\t        <\/aside>\r\n\t\t\t\t\t\t\t<\/div>\r\n\t\t\t\t\t\t\t\t\t<\/div>\r\n\t\t\t\t\t\t<div class=\"p-header\"><h3 class=\"entry-title\">        <a class=\"p-url\" href=\"https:\/\/gesanpro.com\/index.php\/2023\/06\/01\/programacion-en-ms-project\/\" rel=\"bookmark\"\r\n           title=\"CONFIGURACI\u00d3N INICIAL EN MS PROJECT\">CONFIGURACI\u00d3N INICIAL EN MS PROJECT<\/a>\r\n\t\t<span class=\"read-it-later bookmark-item\"  data-title=\"Read it Later\" data-bookmarkid=\"514\"><i class=\"rbi rbi-bookmark\"><\/i><\/span>\r\n\t<\/h3><\/div>\r\n\t\t\t                <p class=\"entry-summary\">Para iniciar en la programaci\u00f3n de un cronograma en Ms Project,                        <span class=\"summary-dot\">...<\/span><\/p>\r\n\t\t\t\t\t\t<div class=\"p-footer\">\r\n\t\t\t\t<aside class=\"p-meta-info\">        <span class=\"meta-info-el meta-info-author\">\r\n\t\t\t<span class=\"screen-reader-text\">Posted by<\/span>\r\n\t\t\t                    <em class=\"meta-label\">by <\/em>\r\n\t\t\t\t\r\n\r\n                <a href=\"https:\/\/gesanpro.com\/index.php\/author\/admin\/\">admin<\/a>\r\n\t\t\t\t\t<\/span>\r\n\t\t<span class=\"meta-info-el mobile-bookmark\"><span class=\"read-it-later bookmark-item\"  data-title=\"Read it Later\" data-bookmarkid=\"514\"><i class=\"rbi rbi-bookmark\"><\/i><\/span>\r\n\t<\/span><\/aside>        <a class=\"btn p-link\"\r\n           href=\"https:\/\/gesanpro.com\/index.php\/2023\/06\/01\/programacion-en-ms-project\/\"><span>LEER M\u00c1S<\/span><i\r\n                    class=\"rbi rbi-arrow-right\"><\/i><\/a>\r\n\t\t\t\t\t<\/div>\r\n\t\t<\/div>\r\n\t<\/div>\t\t<\/div>\r\n\t\t<\/div>\r\n\t<\/div>\t\t\t\t<\/div>\n\t\t\t\t<\/div>\n\t\t\t\t\t<\/div>\n\t\t<\/div>\n\t\t\t\t\t<\/div>\n\t\t<\/section>\n\t\t\t\t<\/div>\n\t\t","protected":false},"excerpt":{"rendered":"<p>Bienvenido a Somos una instituci\u00f3n que brindar\u00e1 informaci\u00f3n para la configuraci\u00f3n, programaci\u00f3n y planificaci\u00f3n de proyectos utilizando el software Ms Project. Ing. Jim Manrique Rebaza, Mg, MCP, SMPC\u00ae, SPOPC\u2122, CIP Les saluda Jim Manrique, profesional especialista en Gesti\u00f3n y Control de proyectos, espero que mis publicaciones puedan contribuir en su crecimiento profesional. Cont\u00e1ctanos: jim.manrique@gesanpro.com LOS [&hellip;]<\/p>\n","protected":false},"author":1,"featured_media":0,"parent":0,"menu_order":0,"comment_status":"closed","ping_status":"closed","template":"","meta":{"footnotes":""},"class_list":["post-375","page","type-page","status-publish"],"yoast_head":"<!-- This site is optimized with the Yoast SEO plugin v27.4 - https:\/\/yoast.com\/product\/yoast-seo-wordpress\/ -->\n<title>- GESTOR Y ANALISTA EN MS PROJECT<\/title>\n<meta name=\"robots\" content=\"index, follow, max-snippet:-1, max-image-preview:large, max-video-preview:-1\" \/>\n<link rel=\"canonical\" href=\"https:\/\/gesanpro.com\/\" \/>\n<meta property=\"og:locale\" content=\"es_ES\" \/>\n<meta property=\"og:type\" content=\"article\" \/>\n<meta property=\"og:title\" content=\"- GESTOR Y ANALISTA EN MS PROJECT\" \/>\n<meta property=\"og:description\" content=\"Bienvenido a Somos una instituci\u00f3n que brindar\u00e1 informaci\u00f3n para la configuraci\u00f3n, programaci\u00f3n y planificaci\u00f3n de proyectos utilizando el software Ms Project. Ing. Jim Manrique Rebaza, Mg, MCP, SMPC\u00ae, SPOPC\u2122, CIP Les saluda Jim Manrique, profesional especialista en Gesti\u00f3n y Control de proyectos, espero que mis publicaciones puedan contribuir en su crecimiento profesional. Cont\u00e1ctanos: jim.manrique@gesanpro.com LOS [&hellip;]\" \/>\n<meta property=\"og:url\" content=\"https:\/\/gesanpro.com\/\" \/>\n<meta property=\"og:site_name\" content=\"GESTOR Y ANALISTA EN MS PROJECT\" \/>\n<meta property=\"article:modified_time\" content=\"2023-07-11T00:41:57+00:00\" \/>\n<meta property=\"og:image\" content=\"https:\/\/gesanpro.com\/wp-content\/uploads\/2023\/05\/Logo_web_1.png\" \/>\n<meta name=\"twitter:card\" content=\"summary_large_image\" \/>\n<meta name=\"twitter:label1\" content=\"Tiempo de lectura\" \/>\n\t<meta name=\"twitter:data1\" content=\"2 minutos\" \/>\n<script type=\"application\/ld+json\" class=\"yoast-schema-graph\">{\"@context\":\"https:\\\/\\\/schema.org\",\"@graph\":[{\"@type\":\"WebPage\",\"@id\":\"https:\\\/\\\/gesanpro.com\\\/\",\"url\":\"https:\\\/\\\/gesanpro.com\\\/\",\"name\":\"- GESTOR Y ANALISTA EN MS PROJECT\",\"isPartOf\":{\"@id\":\"https:\\\/\\\/gesanpro.com\\\/#website\"},\"primaryImageOfPage\":{\"@id\":\"https:\\\/\\\/gesanpro.com\\\/#primaryimage\"},\"image\":{\"@id\":\"https:\\\/\\\/gesanpro.com\\\/#primaryimage\"},\"thumbnailUrl\":\"https:\\\/\\\/gesanpro.com\\\/wp-content\\\/uploads\\\/2023\\\/05\\\/Logo_web_1.png\",\"datePublished\":\"2020-12-20T15:41:14+00:00\",\"dateModified\":\"2023-07-11T00:41:57+00:00\",\"inLanguage\":\"es\",\"potentialAction\":[{\"@type\":\"ReadAction\",\"target\":[\"https:\\\/\\\/gesanpro.com\\\/\"]}]},{\"@type\":\"ImageObject\",\"inLanguage\":\"es\",\"@id\":\"https:\\\/\\\/gesanpro.com\\\/#primaryimage\",\"url\":\"https:\\\/\\\/gesanpro.com\\\/wp-content\\\/uploads\\\/2023\\\/05\\\/Logo_web_1.png\",\"contentUrl\":\"https:\\\/\\\/gesanpro.com\\\/wp-content\\\/uploads\\\/2023\\\/05\\\/Logo_web_1.png\",\"width\":355,\"height\":95},{\"@type\":\"WebSite\",\"@id\":\"https:\\\/\\\/gesanpro.com\\\/#website\",\"url\":\"https:\\\/\\\/gesanpro.com\\\/\",\"name\":\"GESTOR Y ANALISTA EN MS PROJECT\",\"description\":\"Especialista en Planificaci\u00f3n, Programaci\u00f3n y Control de Proyectos de construcci\u00f3n, bas\u00e1ndose en las buenas pr\u00e1cticas del PMI, Lean Construcci\u00f3n y metodolog\u00edas \u00e1giles\",\"potentialAction\":[{\"@type\":\"SearchAction\",\"target\":{\"@type\":\"EntryPoint\",\"urlTemplate\":\"https:\\\/\\\/gesanpro.com\\\/?s={search_term_string}\"},\"query-input\":{\"@type\":\"PropertyValueSpecification\",\"valueRequired\":true,\"valueName\":\"search_term_string\"}}],\"inLanguage\":\"es\"}]}<\/script>\n<!-- \/ Yoast SEO plugin. -->","yoast_head_json":{"title":"- GESTOR Y ANALISTA EN MS PROJECT","robots":{"index":"index","follow":"follow","max-snippet":"max-snippet:-1","max-image-preview":"max-image-preview:large","max-video-preview":"max-video-preview:-1"},"canonical":"https:\/\/gesanpro.com\/","og_locale":"es_ES","og_type":"article","og_title":"- GESTOR Y ANALISTA EN MS PROJECT","og_description":"Bienvenido a Somos una instituci\u00f3n que brindar\u00e1 informaci\u00f3n para la configuraci\u00f3n, programaci\u00f3n y planificaci\u00f3n de proyectos utilizando el software Ms Project. Ing. Jim Manrique Rebaza, Mg, MCP, SMPC\u00ae, SPOPC\u2122, CIP Les saluda Jim Manrique, profesional especialista en Gesti\u00f3n y Control de proyectos, espero que mis publicaciones puedan contribuir en su crecimiento profesional. Cont\u00e1ctanos: jim.manrique@gesanpro.com LOS [&hellip;]","og_url":"https:\/\/gesanpro.com\/","og_site_name":"GESTOR Y ANALISTA EN MS PROJECT","article_modified_time":"2023-07-11T00:41:57+00:00","og_image":[{"url":"https:\/\/gesanpro.com\/wp-content\/uploads\/2023\/05\/Logo_web_1.png","type":"","width":"","height":""}],"twitter_card":"summary_large_image","twitter_misc":{"Tiempo de lectura":"2 minutos"},"schema":{"@context":"https:\/\/schema.org","@graph":[{"@type":"WebPage","@id":"https:\/\/gesanpro.com\/","url":"https:\/\/gesanpro.com\/","name":"- GESTOR Y ANALISTA EN MS PROJECT","isPartOf":{"@id":"https:\/\/gesanpro.com\/#website"},"primaryImageOfPage":{"@id":"https:\/\/gesanpro.com\/#primaryimage"},"image":{"@id":"https:\/\/gesanpro.com\/#primaryimage"},"thumbnailUrl":"https:\/\/gesanpro.com\/wp-content\/uploads\/2023\/05\/Logo_web_1.png","datePublished":"2020-12-20T15:41:14+00:00","dateModified":"2023-07-11T00:41:57+00:00","inLanguage":"es","potentialAction":[{"@type":"ReadAction","target":["https:\/\/gesanpro.com\/"]}]},{"@type":"ImageObject","inLanguage":"es","@id":"https:\/\/gesanpro.com\/#primaryimage","url":"https:\/\/gesanpro.com\/wp-content\/uploads\/2023\/05\/Logo_web_1.png","contentUrl":"https:\/\/gesanpro.com\/wp-content\/uploads\/2023\/05\/Logo_web_1.png","width":355,"height":95},{"@type":"WebSite","@id":"https:\/\/gesanpro.com\/#website","url":"https:\/\/gesanpro.com\/","name":"GESTOR Y ANALISTA EN MS PROJECT","description":"Especialista en Planificaci\u00f3n, Programaci\u00f3n y Control de Proyectos de construcci\u00f3n, bas\u00e1ndose en las buenas pr\u00e1cticas del PMI, Lean Construcci\u00f3n y metodolog\u00edas \u00e1giles","potentialAction":[{"@type":"SearchAction","target":{"@type":"EntryPoint","urlTemplate":"https:\/\/gesanpro.com\/?s={search_term_string}"},"query-input":{"@type":"PropertyValueSpecification","valueRequired":true,"valueName":"search_term_string"}}],"inLanguage":"es"}]}},"_links":{"self":[{"href":"https:\/\/gesanpro.com\/index.php\/wp-json\/wp\/v2\/pages\/375","targetHints":{"allow":["GET"]}}],"collection":[{"href":"https:\/\/gesanpro.com\/index.php\/wp-json\/wp\/v2\/pages"}],"about":[{"href":"https:\/\/gesanpro.com\/index.php\/wp-json\/wp\/v2\/types\/page"}],"author":[{"embeddable":true,"href":"https:\/\/gesanpro.com\/index.php\/wp-json\/wp\/v2\/users\/1"}],"replies":[{"embeddable":true,"href":"https:\/\/gesanpro.com\/index.php\/wp-json\/wp\/v2\/comments?post=375"}],"version-history":[{"count":219,"href":"https:\/\/gesanpro.com\/index.php\/wp-json\/wp\/v2\/pages\/375\/revisions"}],"predecessor-version":[{"id":849,"href":"https:\/\/gesanpro.com\/index.php\/wp-json\/wp\/v2\/pages\/375\/revisions\/849"}],"wp:attachment":[{"href":"https:\/\/gesanpro.com\/index.php\/wp-json\/wp\/v2\/media?parent=375"}],"curies":[{"name":"wp","href":"https:\/\/api.w.org\/{rel}","templated":true}]}}