{"id":578,"date":"2023-06-14T17:53:53","date_gmt":"2023-06-14T17:53:53","guid":{"rendered":"https:\/\/gesanpro.com\/?page_id=578"},"modified":"2023-06-14T18:01:24","modified_gmt":"2023-06-14T18:01:24","slug":"webinar-ponencias","status":"publish","type":"page","link":"https:\/\/gesanpro.com\/index.php\/webinar-ponencias\/","title":{"rendered":"Webinar Ponencias"},"content":{"rendered":"\t\t<div data-elementor-type=\"wp-page\" data-elementor-id=\"578\" class=\"elementor elementor-578\" data-elementor-post-type=\"page\">\n\t\t\t\t\t\t<section class=\"elementor-section elementor-top-section elementor-element elementor-element-8165cb8 elementor-section-boxed elementor-section-height-default elementor-section-height-default\" data-id=\"8165cb8\" data-element_type=\"section\" data-e-type=\"section\">\n\t\t\t\t\t\t<div class=\"elementor-container elementor-column-gap-default\">\n\t\t\t\t\t<div class=\"elementor-column elementor-col-100 elementor-top-column elementor-element elementor-element-b1ef972\" data-id=\"b1ef972\" data-element_type=\"column\" data-e-type=\"column\">\n\t\t\t<div class=\"elementor-widget-wrap\">\n\t\t\t\t\t\t\t<\/div>\n\t\t<\/div>\n\t\t\t\t\t<\/div>\n\t\t<\/section>\n\t\t\t\t<section class=\"elementor-section elementor-top-section elementor-element elementor-element-65691220 elementor-section-content-middle elementor-section-boxed elementor-section-height-default elementor-section-height-default\" data-id=\"65691220\" data-element_type=\"section\" data-e-type=\"section\">\n\t\t\t\t\t\t<div class=\"elementor-container elementor-column-gap-no\">\n\t\t\t\t\t<div class=\"elementor-column elementor-col-100 elementor-top-column elementor-element elementor-element-bbe3a88\" data-id=\"bbe3a88\" data-element_type=\"column\" data-e-type=\"column\">\n\t\t\t<div class=\"elementor-widget-wrap elementor-element-populated\">\n\t\t\t\t\t\t<div class=\"elementor-element elementor-element-47d1ebd1 elementor-position-top elementor-widget elementor-widget-image-box\" data-id=\"47d1ebd1\" data-element_type=\"widget\" data-e-type=\"widget\" data-widget_type=\"image-box.default\">\n\t\t\t\t<div class=\"elementor-widget-container\">\n\t\t\t\t\t<div class=\"elementor-image-box-wrapper\"><figure class=\"elementor-image-box-img\"><img fetchpriority=\"high\" decoding=\"async\" width=\"1080\" height=\"799\" src=\"https:\/\/gesanpro.com\/wp-content\/uploads\/2023\/06\/webinar.jpg\" class=\"elementor-animation-grow attachment-full size-full wp-image-580\" alt=\"\" srcset=\"https:\/\/gesanpro.com\/wp-content\/uploads\/2023\/06\/webinar.jpg 1080w, https:\/\/gesanpro.com\/wp-content\/uploads\/2023\/06\/webinar-300x222.jpg 300w, https:\/\/gesanpro.com\/wp-content\/uploads\/2023\/06\/webinar-1024x758.jpg 1024w, https:\/\/gesanpro.com\/wp-content\/uploads\/2023\/06\/webinar-768x568.jpg 768w, https:\/\/gesanpro.com\/wp-content\/uploads\/2023\/06\/webinar-450x333.jpg 450w, https:\/\/gesanpro.com\/wp-content\/uploads\/2023\/06\/webinar-780x577.jpg 780w\" sizes=\"(max-width: 1080px) 100vw, 1080px\" \/><\/figure><div class=\"elementor-image-box-content\"><h3 class=\"elementor-image-box-title\">Muy pronto<\/h3><\/div><\/div>\t\t\t\t<\/div>\n\t\t\t\t<\/div>\n\t\t\t\t<section class=\"elementor-section elementor-inner-section elementor-element elementor-element-e1ad69d elementor-section-boxed elementor-section-height-default elementor-section-height-default\" data-id=\"e1ad69d\" data-element_type=\"section\" data-e-type=\"section\">\n\t\t\t\t\t\t<div class=\"elementor-container elementor-column-gap-default\">\n\t\t\t\t\t<div class=\"elementor-column elementor-col-100 elementor-inner-column elementor-element elementor-element-351b3305\" data-id=\"351b3305\" data-element_type=\"column\" data-e-type=\"column\">\n\t\t\t<div class=\"elementor-widget-wrap elementor-element-populated\">\n\t\t\t\t\t\t<div class=\"elementor-element elementor-element-12cb5364 elementor-shape-rounded elementor-grid-0 e-grid-align-center elementor-widget elementor-widget-social-icons\" data-id=\"12cb5364\" data-element_type=\"widget\" data-e-type=\"widget\" data-widget_type=\"social-icons.default\">\n\t\t\t\t<div class=\"elementor-widget-container\">\n\t\t\t\t\t\t\t<div class=\"elementor-social-icons-wrapper elementor-grid\" role=\"list\">\n\t\t\t\t\t\t\t<span class=\"elementor-grid-item\" role=\"listitem\">\n\t\t\t\t\t<a class=\"elementor-icon elementor-social-icon elementor-social-icon-facebook-f elementor-animation-grow elementor-repeater-item-8b93740\" target=\"_blank\">\n\t\t\t\t\t\t<span class=\"elementor-screen-only\">Facebook-f<\/span>\n\t\t\t\t\t\t<i aria-hidden=\"true\" class=\"fab fa-facebook-f\"><\/i>\t\t\t\t\t<\/a>\n\t\t\t\t<\/span>\n\t\t\t\t\t\t\t<span class=\"elementor-grid-item\" role=\"listitem\">\n\t\t\t\t\t<a class=\"elementor-icon elementor-social-icon elementor-social-icon-twitter elementor-animation-grow elementor-repeater-item-d2b7695\" target=\"_blank\">\n\t\t\t\t\t\t<span class=\"elementor-screen-only\">Twitter<\/span>\n\t\t\t\t\t\t<i aria-hidden=\"true\" class=\"fab fa-twitter\"><\/i>\t\t\t\t\t<\/a>\n\t\t\t\t<\/span>\n\t\t\t\t\t<\/div>\n\t\t\t\t\t\t<\/div>\n\t\t\t\t<\/div>\n\t\t\t\t\t<\/div>\n\t\t<\/div>\n\t\t\t\t\t<\/div>\n\t\t<\/section>\n\t\t\t\t\t<\/div>\n\t\t<\/div>\n\t\t\t\t\t<\/div>\n\t\t<\/section>\n\t\t\t\t<\/div>\n\t\t","protected":false},"excerpt":{"rendered":"<p>Muy pronto Facebook-f Twitter<\/p>\n","protected":false},"author":1,"featured_media":0,"parent":0,"menu_order":0,"comment_status":"closed","ping_status":"open","template":"","meta":{"footnotes":""},"class_list":["post-578","page","type-page","status-publish"],"yoast_head":"<!-- This site is optimized with the Yoast SEO plugin v27.4 - https:\/\/yoast.com\/product\/yoast-seo-wordpress\/ -->\n<title>Webinar Ponencias - GESTOR Y ANALISTA EN MS PROJECT<\/title>\n<meta name=\"robots\" content=\"index, follow, max-snippet:-1, max-image-preview:large, max-video-preview:-1\" \/>\n<link rel=\"canonical\" href=\"https:\/\/gesanpro.com\/index.php\/webinar-ponencias\/\" \/>\n<meta property=\"og:locale\" content=\"es_ES\" \/>\n<meta property=\"og:type\" content=\"article\" \/>\n<meta property=\"og:title\" content=\"Webinar Ponencias - GESTOR Y ANALISTA EN MS PROJECT\" \/>\n<meta property=\"og:description\" content=\"Muy pronto Facebook-f Twitter\" \/>\n<meta property=\"og:url\" content=\"https:\/\/gesanpro.com\/index.php\/webinar-ponencias\/\" \/>\n<meta property=\"og:site_name\" content=\"GESTOR Y ANALISTA EN MS PROJECT\" \/>\n<meta property=\"article:modified_time\" content=\"2023-06-14T18:01:24+00:00\" \/>\n<meta property=\"og:image\" content=\"https:\/\/gesanpro.com\/wp-content\/uploads\/2023\/06\/webinar.jpg\" \/>\n<meta name=\"twitter:card\" content=\"summary_large_image\" \/>\n<meta name=\"twitter:label1\" content=\"Tiempo de lectura\" \/>\n\t<meta name=\"twitter:data1\" content=\"1 minuto\" \/>\n<script type=\"application\/ld+json\" class=\"yoast-schema-graph\">{\"@context\":\"https:\\\/\\\/schema.org\",\"@graph\":[{\"@type\":\"WebPage\",\"@id\":\"https:\\\/\\\/gesanpro.com\\\/index.php\\\/webinar-ponencias\\\/\",\"url\":\"https:\\\/\\\/gesanpro.com\\\/index.php\\\/webinar-ponencias\\\/\",\"name\":\"Webinar Ponencias - GESTOR Y ANALISTA EN MS PROJECT\",\"isPartOf\":{\"@id\":\"https:\\\/\\\/gesanpro.com\\\/#website\"},\"primaryImageOfPage\":{\"@id\":\"https:\\\/\\\/gesanpro.com\\\/index.php\\\/webinar-ponencias\\\/#primaryimage\"},\"image\":{\"@id\":\"https:\\\/\\\/gesanpro.com\\\/index.php\\\/webinar-ponencias\\\/#primaryimage\"},\"thumbnailUrl\":\"https:\\\/\\\/gesanpro.com\\\/wp-content\\\/uploads\\\/2023\\\/06\\\/webinar.jpg\",\"datePublished\":\"2023-06-14T17:53:53+00:00\",\"dateModified\":\"2023-06-14T18:01:24+00:00\",\"breadcrumb\":{\"@id\":\"https:\\\/\\\/gesanpro.com\\\/index.php\\\/webinar-ponencias\\\/#breadcrumb\"},\"inLanguage\":\"es\",\"potentialAction\":[{\"@type\":\"ReadAction\",\"target\":[\"https:\\\/\\\/gesanpro.com\\\/index.php\\\/webinar-ponencias\\\/\"]}]},{\"@type\":\"ImageObject\",\"inLanguage\":\"es\",\"@id\":\"https:\\\/\\\/gesanpro.com\\\/index.php\\\/webinar-ponencias\\\/#primaryimage\",\"url\":\"https:\\\/\\\/gesanpro.com\\\/wp-content\\\/uploads\\\/2023\\\/06\\\/webinar.jpg\",\"contentUrl\":\"https:\\\/\\\/gesanpro.com\\\/wp-content\\\/uploads\\\/2023\\\/06\\\/webinar.jpg\",\"width\":1080,\"height\":799},{\"@type\":\"BreadcrumbList\",\"@id\":\"https:\\\/\\\/gesanpro.com\\\/index.php\\\/webinar-ponencias\\\/#breadcrumb\",\"itemListElement\":[{\"@type\":\"ListItem\",\"position\":1,\"name\":\"Portada\",\"item\":\"https:\\\/\\\/gesanpro.com\\\/\"},{\"@type\":\"ListItem\",\"position\":2,\"name\":\"Webinar Ponencias\"}]},{\"@type\":\"WebSite\",\"@id\":\"https:\\\/\\\/gesanpro.com\\\/#website\",\"url\":\"https:\\\/\\\/gesanpro.com\\\/\",\"name\":\"GESTOR Y ANALISTA EN MS PROJECT\",\"description\":\"Especialista en Planificaci\u00f3n, Programaci\u00f3n y Control de Proyectos de construcci\u00f3n, bas\u00e1ndose en las buenas pr\u00e1cticas del PMI, Lean Construcci\u00f3n y metodolog\u00edas \u00e1giles\",\"potentialAction\":[{\"@type\":\"SearchAction\",\"target\":{\"@type\":\"EntryPoint\",\"urlTemplate\":\"https:\\\/\\\/gesanpro.com\\\/?s={search_term_string}\"},\"query-input\":{\"@type\":\"PropertyValueSpecification\",\"valueRequired\":true,\"valueName\":\"search_term_string\"}}],\"inLanguage\":\"es\"}]}<\/script>\n<!-- \/ Yoast SEO plugin. -->","yoast_head_json":{"title":"Webinar Ponencias - GESTOR Y ANALISTA EN MS PROJECT","robots":{"index":"index","follow":"follow","max-snippet":"max-snippet:-1","max-image-preview":"max-image-preview:large","max-video-preview":"max-video-preview:-1"},"canonical":"https:\/\/gesanpro.com\/index.php\/webinar-ponencias\/","og_locale":"es_ES","og_type":"article","og_title":"Webinar Ponencias - GESTOR Y ANALISTA EN MS PROJECT","og_description":"Muy pronto Facebook-f Twitter","og_url":"https:\/\/gesanpro.com\/index.php\/webinar-ponencias\/","og_site_name":"GESTOR Y ANALISTA EN MS PROJECT","article_modified_time":"2023-06-14T18:01:24+00:00","og_image":[{"url":"https:\/\/gesanpro.com\/wp-content\/uploads\/2023\/06\/webinar.jpg","type":"","width":"","height":""}],"twitter_card":"summary_large_image","twitter_misc":{"Tiempo de lectura":"1 minuto"},"schema":{"@context":"https:\/\/schema.org","@graph":[{"@type":"WebPage","@id":"https:\/\/gesanpro.com\/index.php\/webinar-ponencias\/","url":"https:\/\/gesanpro.com\/index.php\/webinar-ponencias\/","name":"Webinar Ponencias - GESTOR Y ANALISTA EN MS PROJECT","isPartOf":{"@id":"https:\/\/gesanpro.com\/#website"},"primaryImageOfPage":{"@id":"https:\/\/gesanpro.com\/index.php\/webinar-ponencias\/#primaryimage"},"image":{"@id":"https:\/\/gesanpro.com\/index.php\/webinar-ponencias\/#primaryimage"},"thumbnailUrl":"https:\/\/gesanpro.com\/wp-content\/uploads\/2023\/06\/webinar.jpg","datePublished":"2023-06-14T17:53:53+00:00","dateModified":"2023-06-14T18:01:24+00:00","breadcrumb":{"@id":"https:\/\/gesanpro.com\/index.php\/webinar-ponencias\/#breadcrumb"},"inLanguage":"es","potentialAction":[{"@type":"ReadAction","target":["https:\/\/gesanpro.com\/index.php\/webinar-ponencias\/"]}]},{"@type":"ImageObject","inLanguage":"es","@id":"https:\/\/gesanpro.com\/index.php\/webinar-ponencias\/#primaryimage","url":"https:\/\/gesanpro.com\/wp-content\/uploads\/2023\/06\/webinar.jpg","contentUrl":"https:\/\/gesanpro.com\/wp-content\/uploads\/2023\/06\/webinar.jpg","width":1080,"height":799},{"@type":"BreadcrumbList","@id":"https:\/\/gesanpro.com\/index.php\/webinar-ponencias\/#breadcrumb","itemListElement":[{"@type":"ListItem","position":1,"name":"Portada","item":"https:\/\/gesanpro.com\/"},{"@type":"ListItem","position":2,"name":"Webinar Ponencias"}]},{"@type":"WebSite","@id":"https:\/\/gesanpro.com\/#website","url":"https:\/\/gesanpro.com\/","name":"GESTOR Y ANALISTA EN MS PROJECT","description":"Especialista en Planificaci\u00f3n, Programaci\u00f3n y Control de Proyectos de construcci\u00f3n, bas\u00e1ndose en las buenas pr\u00e1cticas del PMI, Lean Construcci\u00f3n y metodolog\u00edas \u00e1giles","potentialAction":[{"@type":"SearchAction","target":{"@type":"EntryPoint","urlTemplate":"https:\/\/gesanpro.com\/?s={search_term_string}"},"query-input":{"@type":"PropertyValueSpecification","valueRequired":true,"valueName":"search_term_string"}}],"inLanguage":"es"}]}},"_links":{"self":[{"href":"https:\/\/gesanpro.com\/index.php\/wp-json\/wp\/v2\/pages\/578","targetHints":{"allow":["GET"]}}],"collection":[{"href":"https:\/\/gesanpro.com\/index.php\/wp-json\/wp\/v2\/pages"}],"about":[{"href":"https:\/\/gesanpro.com\/index.php\/wp-json\/wp\/v2\/types\/page"}],"author":[{"embeddable":true,"href":"https:\/\/gesanpro.com\/index.php\/wp-json\/wp\/v2\/users\/1"}],"replies":[{"embeddable":true,"href":"https:\/\/gesanpro.com\/index.php\/wp-json\/wp\/v2\/comments?post=578"}],"version-history":[{"count":4,"href":"https:\/\/gesanpro.com\/index.php\/wp-json\/wp\/v2\/pages\/578\/revisions"}],"predecessor-version":[{"id":587,"href":"https:\/\/gesanpro.com\/index.php\/wp-json\/wp\/v2\/pages\/578\/revisions\/587"}],"wp:attachment":[{"href":"https:\/\/gesanpro.com\/index.php\/wp-json\/wp\/v2\/media?parent=578"}],"curies":[{"name":"wp","href":"https:\/\/api.w.org\/{rel}","templated":true}]}}